 and 161334375.
1875
What is the greatest common divisor of 846377 and 686?
49
What is the highest common factor of 100200 and 28092072?
4008
Calculate the greatest common factor of 12 and 59189829.
3
What is the greatest common divisor of 170 and 19591610?
10
What is the greatest common factor of 4770 and 172566?
18
Calculate the greatest common factor of 344985 and 4763325.
3165
What is the greatest common factor of 4425 and 652422?
177
What is the highest common factor of 152672 and 126345622?
9542
What is the greatest common divisor of 19775961 and 63?
9
What is the greatest common divisor of 552508 and 6116?
44
What is the highest common factor of 360566 and 36418?
278
What is the highest common factor of 1245 and 668481?
3
Calculate the highest common factor of 172370 and 704.
22
Calculate the highest common factor of 80 and 51878040.
40
Calculate the greatest common divisor of 3255 and 1670095.
35
Calculate the greatest common factor of 2318 and 5759254.
122
What is the highest common divisor of 495340 and 1180?
20
Calculate the highest common factor of 75506 and 13754014.
3974
What is the greatest common factor of 2314 and 5132096?
178
What is the greatest common factor of 24425066 and 586?
586
Calculate the greatest common divisor of 318973 and 437419.
1039
What is the highest common divisor of 255 and 196969803?
51
Calculate the highest common divisor of 35522806 and 1871.
1871
What is the greatest common divisor of 3592328922 and 7242?
7242
Calculate the highest common factor of 78 and 51660102.
78
What is the greatest common factor of 4749 and 5829?
3
What is the greatest common factor of 6650876 and 310012?
3196
Calculate the greatest common factor of 1561 and 47356949.
223
What is the highest common divisor of 9684 and 1165096566?
4842
What is the greatest common divisor of 1379 and 5109786?
197
What is the greatest common divisor of 48 and 4422084?
12
Calculate the highest common divisor of 14894915 and 805.
805
Calculate the highest common factor of 4 and 7817548.
4
Calculate the greatest common divisor of 17632 and 485344.
928
What is the greatest common divisor of 6 and 9072488?
2
Calculate the greatest common divisor of 55651190 and 19.
19
Calculate the greatest common factor of 20 and 13054490.
10
What is the highest common divisor of 45172 and 137971?
491
What is the greatest common factor of 29317787 and 817?
43
What is the greatest common factor of 43175 and 235343?
157
Calculate the greatest common factor of 7299232 and 122800.
4912
What is the highest common divisor of 10748 and 120670483?
2687
What is the greatest common factor of 18918782 and 198434?
4222
What is the highest common divisor of 6266 and 816508?
482
What is the highest common factor of 273 and 17033185?
13
What is the greatest common divisor of 83 and 25432943?
83
Calculate the highest common divisor of 6900628 and 945952.
1148
What is the greatest common divisor of 237309102 and 324?
162
Calculate the greatest common divisor of 10022022 and 702.
54
What is the greatest common factor of 2581 and 29238191?
89
Calculate the highest common factor of 3983710 and 4192.
262
What is the greatest common factor of 17914210 and 50?
10
Calculate the highest common factor of 18952685 and 200.
5
What is the greatest common divisor of 25874 and 6868786?
1522
What is the greatest common divisor of 27 and 35034543?
9
What is the highest common factor of 1838035 and 1411?
83
What is the greatest common divisor of 1008445 and 7697555?
7255
Calculate the highest common divisor of 88046 and 3430.
14
Calculate the highest common factor of 9672 and 123451848.
312
What is the highest common divisor of 398135 and 1885?
5
Calculate the highest common factor of 296 and 19603340.
148
Calculate the greatest common divisor of 3120737 and 2291.
79
What is the highest common factor of 22161344 and 1000?
8
What is the highest common divisor of 39476 and 1288508?
284
Calculate the highest common divisor of 2520 and 656311320.
2520
Calculate the highest common factor of 4088910 and 30408.
42
Calculate the greatest common divisor of 4180116 and 11.
1
Calculate the greatest common factor of 233679237 and 264.
33
What is the highest common factor of 19092 and 202272?
516
What is the greatest common factor of 151088 and 1186816?
304
Calculate the highest common divisor of 378 and 3046806.
126
What is the highest common factor of 29070 and 1529235?
765
What is the greatest common factor of 53653931 and 235?
47
Calculate the highest common divisor of 362763072 and 1728.
576
What is the greatest common divisor of 3355 and 1899845?
305
Calculate the highest common divisor of 382 and 189988082.
382
Calculate the highest common divisor of 246 and 46735449.
123
What is the highest common factor of 75 and 16997650?
25
Calculate the greatest common divisor of 5472 and 13226688.
288
Calculate the greatest common factor of 243 and 25811001.
27
What is the greatest common factor of 292 and 494365125?
73
What is the highest common divisor of 847632 and 309552?
48
Calculate the greatest common divisor of 3762 and 60650622.
342
What is the highest common divisor of 6570238 and 7030?
1406
Calculate the greatest common divisor of 462386254 and 22.
22
What is the greatest common factor of 70 and 160323870?
70
Calculate the greatest common divisor of 8718 and 66883043.
1453
What is the greatest common divisor of 80051172 and 48?
12
What is the greatest common divisor of 7151380 and 50?
10
Calculate the greatest common divisor of 2342443861 and 19.
19
What is the greatest common factor of 23009727 and 39?
39
What is the greatest common factor of 48 and 410142112?
16
What is the greatest common divisor of 10185102 and 657?
9
Calculate the highest common factor of 278 and 925665218.
278
Calculate the greatest common factor of 1788 and 582706816.
596
What is the greatest common factor of 216 and 1442?
2
What is the greatest common divisor of 2821 and 112846727?
217
Calculate the highest common factor of 38 and 30651617.
19
What is the highest common factor of 4243841 and 2359?
2359
What is the highest common factor of 6092 and 219784130?
3046
What is the greatest common divisor of 29371090 and 98?
98
Calculate the highest common divisor of 40 and 636930088.
8
What is the greatest common factor of 111977 and 122?
1
What is the highest common divisor of 5785 and 305125820?
445
Calculate the greatest common divisor of 581834 and 7282.
22
What is the greatest common divisor of 1234234 and 168640?
1054
Calculate the highest common divisor of 651581818 and 1822.
1822
What is the highest common divisor of 117724 and 19529792?
6196
Calculate the greatest common factor of 224 and 142738204.
28
Calculate the highest common divisor of 945 and 12934593.
189
What is the greatest common factor of 380200 and 5204938?
3802
What is the highest common divisor of 341 and 2210021?
341
What is the highest common factor of 4590582183 and 11?
11
What is the highest common factor of 199559 and 9?
1
Calculate the highest common divisor of 7 and 359660161.
7
Calculate the highest common factor of 33 and 122941302.
33
What is the greatest common factor of 112 and 767179?
7
Calculate the greatest common factor of 581 and 1127798273.
581
Calculate the greatest common factor of 1495960 and 811985.
1255
Calculate the highest common divisor of 33 and 27555822.
3
Calculate the greatest common factor of 504855915 and 30.
15
What is the greatest common divisor of 1291584 and 51828?
84
What is the greatest common factor of 16910 and 8018722?
3382
Calculate the highest common divisor of 6002637 and 6108.
1527
Calculate the greatest common divisor of 30 and 44530450.
10
What is the greatest common factor of 2670030 and 55825?
1595
What is the highest common factor of 84 and 565447484?
28
Calculate the greatest common divisor of 4 and 122432.
4
What is the greatest common factor of 1427215 and 122276?
397
What is the highest common factor of 52 and 1998284?
4
What is the greatest common factor of 830 and 462654035?
415
Calculate the greatest common divisor of 54661854 and 156.
78
Calculate the greatest common factor of 8797087 and 526.
263
What is the highest common divisor of 98 and 123724118?
98
What is the highest common factor of 66918 and 45